{"id":655,"date":"2014-09-15T22:46:11","date_gmt":"2014-09-15T20:46:11","guid":{"rendered":"http:\/\/grundschule-einsingen.de\/?page_id=655"},"modified":"2020-10-06T14:08:04","modified_gmt":"2020-10-06T12:08:04","slug":"nachmittagsbetreuung","status":"publish","type":"page","link":"https:\/\/grundschule-einsingen.de\/?page_id=655","title":{"rendered":"Kreative Lernangebote"},"content":{"rendered":"<p>An den &#8222;Ganztagen&#8220; (Montag, Mittwoch, Donnerstag) haben die Kinder nachmittags Unterricht oder pers\u00f6nliche Lernzeit, sowie danach eine Vielzahl von kreativen Lernangeboten wie<\/p>\n<ul>\n<li>K\u00fcchenkobolde<\/li>\n<li>Kunstwerkstatt<\/li>\n<li>Spiel und Spa\u00df<\/li>\n<li>Druckwerkstatt<\/li>\n<li>Basketball (Kooperation mit Basketball Ulm\/ Neu-Ulm e.V.)<\/li>\n<li>Tennis (Kooperation mit dem TSV Einsingen e.V.)<\/li>\n<li>Outdoorkids<\/li>\n<li>Schwimmen (Kooperation mit dem TSV Einsingen e.V.)<\/li>\n<li>Bl\u00e4serkids (Kooperation mit dem Musikverein Einsingen e.V.)<\/li>\n<li>Computer und Co.<\/li>\n<li>Mosaik-AG<\/li>\n<li>Umweltforscher<\/li>\n<li>Yoga<\/li>\n<li>Natur auf der Spur<\/li>\n<li>Ballkarussell<\/li>\n<li>M\u00e4rchenwerkstatt<\/li>\n<li>Hip Hop Kids<\/li>\n<\/ul>\n<p>Die Angebote werden teilweise unterst\u00fctzt durch das <a title=\"Jugendbegleiterprogramm\" href=\"http:\/\/grundschule-einsingen.de\/?page_id=154\">Jugendbegleiterprogramm<\/a>.<\/p>\n","protected":false},"excerpt":{"rendered":"<p>An den &#8222;Ganztagen&#8220; (Montag, Mittwoch, Donnerstag) haben die Kinder nachmittags Unterricht oder pers\u00f6nliche Lernzeit, sowie danach eine Vielzahl von kreativen Lernangeboten wie K\u00fcchenkobolde Kunstwerkstatt Spiel und Spa\u00df Druckwerkstatt Basketball (Kooperation mit Basketball Ulm\/ Neu-Ulm e.V.) Tennis (Kooperation mit dem TSV &#8230; <a class=\"more-link\" href=\"https:\/\/grundschule-einsingen.de\/?page_id=655\">Read More &raquo;<\/a><\/p>\n","protected":false},"author":1,"featured_media":0,"parent":0,"menu_order":0,"comment_status":"closed","ping_status":"closed","template":"","meta":{"footnotes":""},"class_list":["post-655","page","type-page","status-publish","hentry"],"_links":{"self":[{"href":"https:\/\/grundschule-einsingen.de\/index.php?rest_route=\/wp\/v2\/pages\/655","targetHints":{"allow":["GET"]}}],"collection":[{"href":"https:\/\/grundschule-einsingen.de\/index.php?rest_route=\/wp\/v2\/pages"}],"about":[{"href":"https:\/\/grundschule-einsingen.de\/index.php?rest_route=\/wp\/v2\/types\/page"}],"author":[{"embeddable":true,"href":"https:\/\/grundschule-einsingen.de\/index.php?rest_route=\/wp\/v2\/users\/1"}],"replies":[{"embeddable":true,"href":"https:\/\/grundschule-einsingen.de\/index.php?rest_route=%2Fwp%2Fv2%2Fcomments&post=655"}],"version-history":[{"count":6,"href":"https:\/\/grundschule-einsingen.de\/index.php?rest_route=\/wp\/v2\/pages\/655\/revisions"}],"predecessor-version":[{"id":1819,"href":"https:\/\/grundschule-einsingen.de\/index.php?rest_route=\/wp\/v2\/pages\/655\/revisions\/1819"}],"wp:attachment":[{"href":"https:\/\/grundschule-einsingen.de\/index.php?rest_route=%2Fwp%2Fv2%2Fmedia&parent=655"}],"curies":[{"name":"wp","href":"https:\/\/api.w.org\/{rel}","templated":true}]}}